s digit of d(9)?
9
Let x = 8 - 4. Suppose -x*w = -2*j - 46, -2*w + 3*j = -17 - 4. What is the tens digit of w?
1
Let y = 76 - 9. What is the tens digit of y?
6
Suppose 8*u = 4*u + 12. Suppose t + u*t = 0. Let p = t + 2. What is the units digit of p?
2
What is the units digit of 0 + 115 - ((-4 - -6) + -2)?
5
Let z(l) = -l**2 - 10*l + 11. Let m be z(-11). Suppose 2*n - 8 + 4 = m. Suppose n*w + 15 = 3*w. What is the units digit of w?
5
Let v = 2 - 0. Suppose -1 = 5*s + w + 3, 5*s + v*w + 8 = 0. Suppose -a + 2*a - 5 = s. What is the units digit of a?
5
Suppose -10 = -n - 2. Suppose 0 = -4*q + n*q. Suppose -l - 4*h = 1, -4*l + 10 = -q*l + 2*h. What is the units digit of l?
3
Suppose 0 = 3*g + 3*r - 3, -2*r + 2 + 2 = 0. Let a = 4 + g. What is the units digit of a?
3
Let w(b) = b + 7. Let k be w(-3). Suppose 0 = x - k - 7. What is the tens digit of x?
1
Let j be -3 - (2 - (1 - -4)). Suppose j = 3*s - 23 - 160. What is the units digit of 3/(-18) + s/6?
0
Suppose -5*z + 5 = 0, 2*z = 3*j + z - 5. What is the units digit of -18*-4*j/6?
4
Suppose -5*i = 2*c - 16, 9 = 3*i - 0*i + c. Suppose 0*o + 3*o - 21 = 4*s, -i*o + 14 = -2*s. Suppose -o*t = -4*t - 18. What is the units digit of t?
6
Let n = 54 + 27. Suppose -n = 4*k - 5. Let c = k - -31. What is the units digit of c?
2
Let u(a) = a**3 + 11*a**2 + 13*a - 2. What is the units digit of u(-9)?
3
Suppose 0 = -3*o + 108 + 15. What is the units digit of o?
1
Let z = 232 - 87. What is the tens digit of z?
4
Suppose 2*i - 8 = 2. Suppose -3*y = -4*d - 13, 45 = i*y - 2*d + 7*d. What is the units digit of (3 + -3 - 0) + y?
7
Suppose 0 = -4*u + 95 + 1. Let p = u + -12. What is the units digit of p?
2
Let q be 1/(-2) - 2/(-4). Suppose q = t - 0*t. Suppose 0 = -4*u + 4, n = -t*n - u + 20. What is the units digit of n?
9
Let d = 287 + -158. What is the hundreds digit of d?
1
Suppose 8 = -q + z - 4, 5*q + 3*z + 52 = 0. What is the tens digit of q/(-33) - (-44)/3?
1
What is the units digit of ((-12)/(-10))/((-24)/(-160))?
8
Suppose -d + 5 = 0, -3*m - 4*d = 2*m - 360. Suppose -5*v + 3*v + m = 0. What is the tens digit of v?
3
Let k(r) be the third derivative of -r**6/60 - r**5/15 - r**4/8 - 5*r**2. What is the units digit of k(-3)?
7
Let c = -6 + 12. Let p be (2/c)/(3/(-99)). Let n(o) = o + 12. What is the units digit of n(p)?
1
Let q = -152 + 263. What is the units digit of q?
1
Suppose -5*m + 32 = -3*g + 8, -3*m = -g - 12. Suppose -2 = -m*d + 1. What is the units digit of d?
1
Let s be (-20)/(-2) - (0 - 0). Let w be (-231)/15 + 4/s. What is the units digit of (-2)/5 - 126/w?
8
Let b = 6 - 4. What is the units digit of -12*(b/6 + -3)?
2
Let m be (28/8)/(1/(-2)). Suppose -4*v = -13 - 39. Let s = v + m. What is the units digit of s?
6
Let g(s) be the second derivative of -3*s**5/5 + s**3/6 - s. Let m be (-2)/4 - (-4)/(-8). What is the tens digit of g(m)?
1
Let b(r) = 3*r + 5. What is the units digit of b(3)?
4
What is the units digit of (-356)/(-30) + (-2)/(-15)?
2
Suppose 68 = 2*u - 82. What is the tens digit of u?
7
Suppose 70 - 10 = 5*h. What is the units digit of h?
2
Let m(c) = 8*c - 21. What is the tens digit of m(20)?
3
Suppose -6*t + 298 = 46. What is the units digit of t?
2
What is the units digit of (-4 - (-268 - -6))/(2*1)?
9
What is the tens digit of (3 + -3)/(-1) + 60?
6
Let r(x) = -5*x**2 + 9*x - 9. Let p(s) = -5*s**2 + 3*s**2 + s**2. Let u(v) = -4*p(v) + r(v). What is the units digit of u(7)?
5
Let x(v) = 0*v**2 - 2*v + v**2 - 1 - 4*v**3 + v + 7*v**3. What is the tens digit of x(2)?
2
Let b = -52 + 75. What is the units digit of b?
3
Let w(b) = -b. Let m(l) = l**2 - 11*l + 4. Let y(x) = -m(x) + 3*w(x). Let t(r) = r**3 - 2*r**2 - 2*r + 6. Let n be t(0). What is the units digit of y(n)?
8
Suppose 28 = 4*i - 0*i. What is the units digit of i?
7
Suppose 2*f = -0*f + x + 12, 2*x - 30 = -5*f. What is the tens digit of 2/f - (-192)/18?
1
Let m(z) = -z**2 + 8*z - 8. Let k be m(6). Suppose i + 3*w = -k*i, 0 = 2*i + 2*w. Suppose 2*u + 3*x - 17 - 4 = 0, i = x + 1. What is the units digit of u?
2
Let r(f) = f**3 - 3*f**2 - 7*f + 7. Let d be r(5). Let k = d - 11. What is the tens digit of k?
1
Suppose 0*t = 2*t - 20. What is the tens digit of t?
1
Suppose 5 - 25 = 2*v. What is the tens digit of (-378)/v + 7/35?
3
Suppose -m - 1 = -9. Let b be (2 + -3)/(-1) - -1. What is the units digit of (m - b - 2) + -2?
2
Suppose 660 - 130 = 5*d. What is the tens digit of d?
0
Suppose 4*t + 15*t = 2907. What is the units digit of t?
3
Suppose g + 0 = -1, -2*g - 42 = 2*y. What is the units digit of (-3)/((-2)/y*-2)?
5
Suppose -4*f - 3*o + 51 = 0, -3*o = -2*f - 2*o + 23. What is the tens digit of f?
1
Let r = -9 - -21. What is the units digit of r?
2
Let n(b) = -b**3 - 6*b**2 + 11*b - 21. What is the units digit of n(-9)?
3
Let t(l) = l + 10. Let q = 16 - 24. Let y be t(q). What is the units digit of y - ((-3 - -2) + 1)?
2
Let s(m) = m + 4. What is the units digit of s(-3)?
1
Let x(d) = 11*d**2 - 2*d + 1. Suppose 2 = 2*z - 3*a, 0 = 4*z - 2*z - 2*a - 2. What is the tens digit of x(z)?
1
Suppose 5*n = -3*k - 126, -4*n - 110 = n - 5*k. Let d = -12 - n. What is the tens digit of d?
1
Let r(c) = 5*c - 3. Let f be r(3). Let n = -2 - f. Let h = 20 + n. What is the units digit of h?
6
Suppose -5*w + 88 = 2*g, -2*w + 21 = -g - 16. Let a be (1*2)/((-6)/w). Let t = a - -13. What is the units digit of t?
7
What is the units digit of 795/20 - 2/(-8)?
0
Suppose 2*q + 5*z = 96 - 33, -4*z + 20 = 0. What is the units digit of q?
9
Suppose 0 = 3*g - u - 181, 3*g + g - 241 = u. What is the units digit of g?
0
Suppose -5*t = 3*h - 2*t + 30, -2*h - 36 = -2*t. What is the tens digit of ((-20)/h)/((-3)/(-21))?
1
Suppose 0 = -0*k - 22*k + 3410. What is the units digit of k?
5
Suppose 0 = m + 67 - 17. Let v = 95 + m. What is the units digit of v?
5
Let d(i) = -i**2 - 25*i + 33. What is the units digit of d(-24)?
7
Let q be (-2)/6 - 130/15. Let j = -9 - q. Let v = 9 + j. What is the units digit of v?
9
Let f(b) = b**3 + 3*b**2 - 2*b - 5. Let g(d) = d**3 + 4*d**2 - 2*d - 5. Let n(c) = -2*f(c) + 3*g(c). What is the tens digit of n(-4)?
3
Suppose -21 - 33 = 3*j. Let s = 25 + j. What is the units digit of s?
7
Suppose -5*r = -3*r - 36. Suppose -2*z = z - r. Let h(d) = d + 2. What is the units digit of h(z)?
8
Suppose 0 = 5*s - 15 - 0. What is the units digit of s?
3
Suppose -4*n + 14 = 2, 3*n = 4*s + 5. Suppose 8*f - 9*f = 0. What is the tens digit of 12 - (s + f - 0)?
1
Let a = -11 + 35. What is the tens digit of a?
2
Let p = 2 - 0. Suppose 2*v + 4*w - 82 = 0, p*w = v + v - 64. What is the units digit of v?
5
Let x(m) = m**3 - 7*m**2 - m + 8. Let h be (-8)/(-36) - (-61)/9. What is the units digit of x(h)?
1
Let c be ((-6)/(-9))/(4/30). Suppose -c*a = -4*a - 29. What is the units digit of a?
9
Suppose 0 = -8*x + 24*x - 4160. What is the units digit of x?
0
Let v = 269 - 451. What is the units digit of v/(-9) + 10/(-45)?
0
Let b(l) = 2*l**2 + l - 2. What is the tens digit of b(-6)?
6
Let b(w) = 2*w - 9. Let i(t) = 3*t - 18. Let g(h) = 5*b(h) - 3*i(h). What is the units digit of g(-6)?
3
Let l be 0 + (34 - (1 - 1)). Suppose 0 = t + 2, -4*t + t - l = -2*y. Suppose 4*a = -0*p + 4*p - 24, 2*p - y = 3*a. What is the units digit of p?
4
Suppose 0 = -z + 2. Suppose -84 = -p + z*p. What is the tens digit of p/4*(-6)/7?
1
Let a be ((-2)/5)/((-2)/(-10)). Let w = a - -1. What is the units digit of 2 + (w + -1 - -5)?
5
Suppose 0*v - 4 = -3*v - 2*a, 3 = 4*v + 5*a. Suppose v*l = 4*h - 20 - 34, h = -3*l - 4. What is the units digit of h?
1
Let g = -17 + 24. What is the units digit of g?
7
Let g(d) be the second derivative of d**3/6 - 2*d**2 - 2*d. Let v(q) = q**2 - 2*q - 2. Let r be v(4). What is the units digit of g(r)?
2
Let v(i) = 2*i**2 + 7*i + 4. Let l be v(-5). Let o = l + -29. Let b = o - -15. What is the units digit of b?
5
Let w = -21 + 48. What is the tens digit of w?
2
Let i = 15 + -8. What is the units digit of i?
7
Let y(m) = -11*m**3 + m + 4. What is the tens digit of y(-2)?
9
What is the hundreds digit of 0 + 41*(0 + 4)?
1
Let p(x) = -x**3 - 6*x**2 - 4*x + 7. What is the tens digit of p(-6)?
3
Suppose -68 = -3*t - 17. What is the tens digit of t?
1
What is the hundreds digit of 7/((-210)/(-12)) + (-1818)/(-5)?
3
Suppose 0 = -2*v - 0*c - c + 13, 0 = -4*v - 4*c +